s digit of v?
2
Suppose -24993 = -3*h + 3*g, 0 = 5*h - 260*g + 264*g - 41646. What is the hundreds digit of h?
3
Suppose -3*l - 457866 = -15*h, 3*l + 61053 = 2*h + 4*l. What is the ten thousands digit of h?
3
Suppose -3*d + 5*x + 44325 = 0, -7*x + 29588 = 2*d - 4*x. What is the thousands digit of d?
4
Let p be 8/(-3)*(-69 + -21). Let o = p + -110. What is the units digit of o?
0
Let d(h) = 11*h - 166. Suppose b + 21 = 2*b + j, 4*b - 98 = 3*j. What is the tens digit of d(b)?
8
Suppose 5729 = -17*q + 24123. Suppose -5*v = -y - 4019, 0 = 2*v - y - q - 525. What is the tens digit of v?
0
Let v(a) be the first derivative of 23*a**3 + a**2 + 3*a - 31. What is the hundreds digit of v(-2)?
2
Let c = 26 + -50. Let n be 1*13/(-4) + (-6)/c. What is the units digit of 852/9 - n*(-6)/27?
4
Let h(y) = 15*y**2 - 12*y + 19. Let t be h(10). Suppose 0 = 14*k - t - 1821. What is the units digit of k?
0
Let p = 364 - 359. Suppose 0 = p*c - 5*q - 3855, -3 = q - 8. What is the tens digit of c?
7
Let y be (-4)/(-6)*(-10)/((-100)/(-45)). What is the units digit of ((-3)/y - -3 - -1)*84?
0
Let f = -15982 + 25738. What is the tens digit of f?
5
Let m be (49/(-7))/7 + 4 + -1. Let n be 0 + 1*(0 + 1). What is the tens digit of (m + -534 + -5)/(n - 4)?
7
What is the tens digit of (-1)/((-9)/(-2487))*-3?
2
Suppose -3655 - 6332 = -9*n + 7536. What is the hundreds digit of n?
9
Let g(s) = 26*s**3 - 2*s**2 + 3*s - 2. Suppose -5*v + 13 = -7. Suppose -v*t + t + 3 = 0. What is the tens digit of g(t)?
2
What is the hundreds digit of 4382/9*101 + 1478/6651?
1
Let o(b) = -b + 6. Let r be o(4). Suppose -r*g - 1718 = -5*w - 0*g, 20 = -5*g. What is the hundreds digit of w?
3
Let f(q) = -49 - 3 + q - 5*q - 8*q. What is the units digit of f(-8)?
4
Let h = -142475 + 200233. What is the units digit of h?
8
Let h(v) = -4*v - 49. Let y be h(-14). Let j be 48 + 1 + 6*y/(-14). Let p = 119 - j. What is the tens digit of p?
7
Let i be (-2)/(-5) - (2 + 7344/(-15)). Suppose 478*z - i*z + 19450 = 0. What is the units digit of z?
5
Let m = -101 - -106. Let k(l) = -3 + 2 + 2*l**3 - 7*l**2 + 8*l**2 + l - 4*l**2. What is the hundreds digit of k(m)?
1
Let t = -63 - -69. Suppose o = t + 3. Let n(c) = 21*c - 19. What is the units digit of n(o)?
0
Let h = 3927 + -2302. What is the thousands digit of h?
1
Suppose -4*g = -5*p - 117487, -35*g + 38*g = -3*p + 88122. What is the ten thousands digit of g?
2
Let g(c) = 3*c**2 - 59*c - 430. What is the thousands digit of g(-37)?
5
Let f(j) be the second derivative of -j**3/6 + 11*j**2/2 + 19*j. Let t be f(12). What is the hundreds digit of 580/4 - t - 2?
1
Let l(d) = 14*d - 170. Let i be l(12). What is the tens digit of (i + (-24)/(-16))*-414?
0
Let n(d) = -49*d - 4. Let m be n(-1). Suppose 0 = c - q - 18, -c = -6*c - 2*q + 90. What is the hundreds digit of (366/c)/(3/m)?
3
Let h be 6 + (0 - (1 - -3)) - -5. Suppose h*p - 10*p - 54 = 0. What is the units digit of 591*((-36)/6)/p?
7
Let y be 30/9*(-6)/(-4). Suppose -y*x + 7 = -2*t - 9, -2*x + 4*t = -16. Suppose 3*s - 3*r - 17 = 112, 5*s + x*r = 201. What is the tens digit of s?
4
Let z = -22953 - -26031. What is the units digit of z?
8
Suppose 0 = 3*c, -5*p - 1880 + 450 = 2*c. Let b(v) = 69*v - 23. Let w be b(-7). Let j = p - w. What is the units digit of j?
0
Suppose -4*g = -5*g - m + 40, -4*m = 0. Let s = 4 - g. What is the units digit of ((-64)/s)/8 - (-637)/9?
1
Let h(o) = -6*o**3 - 5*o**2 + 10*o + 70. Let q(y) = 9*y**3 + 8*y**2 - 15*y - 105. Let d(g) = -7*h(g) - 5*q(g). What is the units digit of d(-4)?
7
Suppose 3*i - 5*l - 33913 = 0, -5*i - 14*l + 18*l + 56552 = 0. What is the hundreds digit of i?
3
Let t be (1/2 + -1)*0/(-6). Suppose t = -6*u + 8*u - 12. Suppose 2*p - u*p = -456. What is the hundreds digit of p?
1
Let k = -1578 + 1059. Let o = 44 - k. What is the tens digit of o?
6
Let i = 277 + -281. What is the units digit of 4/(-6)*-30*(-142)/i?
0
Let r = -330 - -330. Suppose r = -162*f + 166*f - 3512. What is the tens digit of f?
7
Let s(t) = t**3 - 9*t**2 + 12. Let u be s(9). Let y be (1 + (-3)/u)/((-3)/(-12)). Suppose r - 217 = -y*o, -5*o = 3*r + 2*r - 1055. What is the units digit of r?
8
Let r be -3 + (-4 - -16) - 4. Suppose q - 4*w - 1192 = 0, r*q - w = w + 5942. Suppose 7*y + q = 16*y. What is the hundreds digit of y?
1
Suppose -4*q = -10 + 2, 5*d + 3*q = -64. Let x be (-4)/d + (-36)/(-21). Suppose x*a = 3*a - 102. What is the units digit of a?
2
Let j be 4/(-14) - ((-390)/42 + 5). Let u(z) = 7*z**2 - 7*z - 7. What is the tens digit of u(j)?
7
Suppose -2*a + 314039 - 16675 = 15*a. What is the hundreds digit of a?
4
Let j(u) = 31*u + 223. Let a = 218 - 209. What is the tens digit of j(a)?
0
What is the units digit of (-3 + 4)/(14/13762)?
3
Let g = 19937 - 12767. What is the thousands digit of g?
7
Let v be 6/15 - 3/(-5). Let a be 1*3/(-12) - v/(-4). Suppose a = -3*n + 9, 3*n = 2*t + 4*n - 155. What is the units digit of t?
6
Suppose 0 = 2*t + 3*w - 14, 5*w - 30 = -5*t + t. Suppose 4*q = t + 6. What is the tens digit of (-2)/(246/63 - q)?
2
Let j(g) = -13*g - 54. Let p be j(-6). Suppose 20*w - 14*w - p = 0. What is the units digit of 2667/28*w/3?
7
What is the thousands digit of -1 + (((-96)/(-54))/(-8) - 42680/(-9))?
4
Suppose 2*b + 227 = 3*f + 54, 25 = 5*b. Suppose -k - q = -f, 8*k = 5*k - q + 179. What is the units digit of k?
9
Suppose 3*w - 8743 = 2*v + 3048, 5*w + 3*v = 19639. What is the hundreds digit of w?
9
Let g(m) = 141*m + 74. Let q be g(-6). Let j = 1144 + q. What is the tens digit of j?
7
Suppose -h - 4*m + 37222 = 0, -33*m = -30*m - 9. What is the ten thousands digit of h?
3
Let f(c) = -2*c**2 + 17*c - 18. Let s be f(7). Let w(d) = 106*d**2 - 6*d + 16. What is the tens digit of w(s)?
5
Suppose 12*d - 6953 = -3*m + 13*d, 2*d = 4*m - 9274. Let w = m - 1618. What is the hundreds digit of w?
6
Let w(c) = -4*c**3 - 24*c**2 + c + 6. Suppose 0 = -n + 5 - 11. Let o be w(n). Suppose 5*y - 147 - 18 = o. What is the tens digit of y?
3
Let o(c) = 115*c**2 - 30*c - 5. Let w be o(3). What is the tens digit of ((-1)/1)/(8 + (-7524)/w)?
3
Let q(p) be the third derivative of -13*p**4/6 - 39*p**3/2 + 11*p**2 + 12*p. What is the tens digit of q(-7)?
4
Let m(k) = -9*k + 219. Let l be m(24). Suppose -4*t = -l*o + 3688, -o = 93*t - 95*t - 1232. What is the units digit of o?
4
Suppose 31*n = 7*n + 936. Suppose -n*v = -37*v - 3170. What is the hundreds digit of v?
5
Suppose -3*q - m + 25 - 7 = 0, 0 = -3*q - 5*m + 18. What is the tens digit of -2 + q*(-472)/(-12)?
3
Let c(q) = 8251*q - 177. What is the ten thousands digit of c(2)?
1
Let w = 345 - 353. Let l(x) = -4*x**3 - 4*x**2 + 10*x - 2. What is the thousands digit of l(w)?
1
What is the thousands digit of -9*15/45 - -8330?
8
Suppose -4*v - 2*c + 7326 = 0, 0 = 3*v + 2*v + c - 9156. Suppose 0 = -4*o, z + o = -4*o + v. What is the units digit of z?
1
Suppose 54*l - 52*l = -3*p + 13704, -l - 3*p + 6840 = 0. What is the tens digit of l?
6
What is the hundreds digit of (1047/(-2))/(44/(-352))?
1
Let z(r) = r**2 - 9. Let v(p) = p + 1. Let f(d) = 3*v(d) + z(d). What is the units digit of f(6)?
8
Let w = 19382 + -12522. What is the tens digit of w?
6
Suppose 0 = 4*g + 3*f + 13, 0*g - 19 = 4*g - 3*f. Let v(y) = 18*y + 92. What is the tens digit of v(g)?
2
Suppose -16*b + 736 = 11376. Let q = -259 - b. What is the tens digit of q?
0
Let l(j) = 1. Let b(f) be the third derivative of 19*f**4/24 + 53*f**3/6 + 33*f**2. Let r(y) = b(y) - 6*l(y). What is the hundreds digit of r(8)?
1
Let d = 79 + -77. Suppose 0 = -d*f - 4, 0 = -s - 5*f - 295 - 311. What is the tens digit of 2/6 - (s/12 + 1)?
4
Let c(g) = 4*g**3 + 23*g**2 + 11*g + 41. Let i(n) = -7*n**3 - 45*n**2 - 22*n - 80. Let j(l) = -5*c(l) - 3*i(l). What is the tens digit of j(-19)?
8
Let q be 14 + -5*(-3)/30*-8. Suppose -q*z + 24*z = 17388. What is the tens digit of z?
4
What is the hundreds digit of ((-34)/(-4))/(40/100640)?
3
Suppose 2*g + 0*y = 5*y + 25, 3*y = 2*g - 15. Suppose g = 7*o - 2320 - 249. Suppose -3*i + 0*s + o = -s, -3*s = -3*i + 369. What is the hundreds digit of i?
1
Suppose 4*t - 754 = 2*k + 136, 3*k - 15 = 0. Suppose 33 = -12*m + t. What is the hundreds digit of (0 + -4)/m*2*-254?
1
Let d be 4 + (-14)/(-21)*3. Let h(j) = j**2 - j + 2. Let u(p) = -p - 1. Let t(n) = -h(n) - 6*u(n). What is the t